{"id":19,"date":"2024-10-30T17:35:15","date_gmt":"2024-10-30T16:35:15","guid":{"rendered":"https:\/\/serveurdesmouss.synology.me\/wordpress\/?page_id=19"},"modified":"2024-11-01T17:39:54","modified_gmt":"2024-11-01T16:39:54","slug":"specialites","status":"publish","type":"page","link":"https:\/\/serveurdesmouss.synology.me\/wordpress\/index.php\/specialites\/","title":{"rendered":"Sp\u00e9cialit\u00e9s"},"content":{"rendered":"\t\t<div data-elementor-type=\"wp-page\" data-elementor-id=\"19\" class=\"elementor elementor-19\" data-elementor-settings=\"[]\">\n\t\t\t\t\t\t\t<div class=\"elementor-section-wrap\">\n\t\t\t\t\t\t\t<section class=\"elementor-section elementor-top-section elementor-element elementor-element-626315c2 elementor-section-boxed elementor-section-height-default elementor-section-height-default\" data-id=\"626315c2\" data-element_type=\"section\">\n\t\t\t\t\t\t<div class=\"elementor-container elementor-column-gap-default\">\n\t\t\t\t\t<div class=\"elementor-column elementor-col-100 elementor-top-column elementor-element elementor-element-30c2b40d\" data-id=\"30c2b40d\" data-element_type=\"column\">\n\t\t\t<div class=\"elementor-widget-wrap elementor-element-populated\">\n\t\t\t\t\t\t\t\t<div class=\"elementor-element elementor-element-6f052979 elementor-widget elementor-widget-text-editor\" data-id=\"6f052979\" data-element_type=\"widget\" data-widget_type=\"text-editor.default\">\n\t\t\t\t<div class=\"elementor-widget-container\">\n\t\t\t<style>\/*! elementor - v3.5.5 - 03-02-2022 *\/\n.elementor-widget-text-editor.elementor-drop-cap-view-stacked .elementor-drop-cap{background-color:#818a91;color:#fff}.elementor-widget-text-editor.elementor-drop-cap-view-framed .elementor-drop-cap{color:#818a91;border:3px solid;background-color:transparent}.elementor-widget-text-editor:not(.elementor-drop-cap-view-default) .elementor-drop-cap{margin-top:8px}.elementor-widget-text-editor:not(.elementor-drop-cap-view-default) .elementor-drop-cap-letter{width:1em;height:1em}.elementor-widget-text-editor .elementor-drop-cap{float:left;text-align:center;line-height:1;font-size:50px}.elementor-widget-text-editor .elementor-drop-cap-letter{display:inline-block}<\/style>\t\t\t\t<p><!-- wp:paragraph --><\/p>\n<h2>\u00a0<\/h2>\n<p><!-- \/wp:paragraph --><!-- wp:list {\"ordered\":true} --><\/p>\n<ol>\n<li style=\"list-style-type: none;\">\n<ol><!-- wp:list-item --><\/ol>\n<\/li>\n<\/ol>\n<p>\u00a0<\/p>\n<ol>\n<li><strong>Herboristerie<\/strong> \u2013 Conseils et produits \u00e0 base de plantes pour le bien-\u00eatre au quotidien.<\/li>\n<\/ol>\n<ol>\n<li><strong>Aromath\u00e9rapie<\/strong> \u2013 Utilisation des huiles essentielles pour des soins naturels et personnalis\u00e9s.<\/li>\n<\/ol>\n<ol>\n<li><strong>Phytoth\u00e9rapie<\/strong> \u2013 Soins et pr\u00e9vention par les plantes pour divers maux du quotidien.<\/li>\n<\/ol>\n<ol>\n<li><strong>Hom\u00e9opathie<\/strong> \u2013 Solutions hom\u00e9opathiques pour un traitement naturel de certaines affections.<\/li>\n<\/ol>\n<ol>\n<li><strong>Micronutrition<\/strong> \u2013 Conseils en compl\u00e9ments alimentaires pour \u00e9quilibrer et enrichir l\u2019alimentation.<\/li>\n<\/ol>\n<ol>\n<li><strong>Orthop\u00e9die<\/strong> \u2013 \u00c9quipements et soutien pour am\u00e9liorer la mobilit\u00e9 (attelles, orth\u00e8ses, semelles).<\/li>\n<\/ol>\n<ol>\n<li><strong>Dermocosm\u00e9tique<\/strong> \u2013 Soins de la peau et conseils adapt\u00e9s aux besoins dermatologiques.<\/li>\n<\/ol>\n<ol>\n<li><strong>Maternit\u00e9 et P\u00e9diatrie<\/strong> \u2013 Produits et conseils pour la grossesse, l\u2019allaitement et les soins des nourrissons.<\/li>\n<\/ol>\n<ol>\n<li><strong>Di\u00e9t\u00e9tique et Perte de Poids<\/strong> \u2013 Suivi nutritionnel et conseils personnalis\u00e9s pour la gestion du poids.<\/li>\n<\/ol>\n<ol>\n<li><strong>Mat\u00e9riel M\u00e9dical<\/strong> \u2013 Vente et location de mat\u00e9riel m\u00e9dical pour le maintien \u00e0 domicile (fauteuils roulants, lits m\u00e9dicalis\u00e9s, etc.).<\/li>\n<\/ol>\n<h2>Cette diversit\u00e9 de sp\u00e9cialit\u00e9s t\u00e9moigne de l&rsquo;engagement de la pharmacie \u00e0 r\u00e9pondre aux besoins de sant\u00e9 de chacun.<\/h2>\n<p><!-- \/wp:list-item --><!-- wp:list-item --><\/p>\n<p><!-- \/wp:list-item --><!-- wp:list-item --><\/p>\n<p><!-- \/wp:list-item --><!-- wp:list-item --><\/p>\n<p><!-- \/wp:list-item --><!-- wp:list-item --><\/p>\n<p><!-- \/wp:list-item --><!-- wp:list-item --><\/p>\n<p><!-- \/wp:list-item --><!-- wp:list-item --><\/p>\n<p><!-- \/wp:list-item --><!-- wp:list-item --><\/p>\n<p><!-- \/wp:list-item --><!-- wp:list-item --><\/p>\n<p><!-- \/wp:list-item --><!-- wp:list-item --><\/p>\n<p><!-- \/wp:list-item --><\/p>\n<p><!-- \/wp:list --><!-- wp:paragraph --><\/p>\n<p><!-- \/wp:paragraph --><\/p>\t\t\t\t\t\t<\/div>\n\t\t\t\t<\/div>\n\t\t\t\t\t<\/div>\n\t\t<\/div>\n\t\t\t\t\t\t\t<\/div>\n\t\t<\/section>\n\t\t\t\t\t\t<\/div>\n\t\t\t\t\t<\/div>\n\t\t","protected":false},"excerpt":{"rendered":"<p>\u00a0<\/p>\n","protected":false},"author":1,"featured_media":0,"parent":0,"menu_order":0,"comment_status":"closed","ping_status":"closed","template":"","meta":[],"yoast_head":"<!-- This site is optimized with the Yoast SEO plugin v20.2.1 - https:\/\/yoast.com\/wordpress\/plugins\/seo\/ -->\n<title>Sp\u00e9cialit\u00e9s - PHARMACIE MOUSSIN<\/title>\n<meta name=\"robots\" content=\"index, follow, max-snippet:-1, max-image-preview:large, max-video-preview:-1\" \/>\n<link rel=\"canonical\" href=\"https:\/\/serveurdesmouss.synology.me\/wordpress\/index.php\/specialites\/\" \/>\n<meta property=\"og:locale\" content=\"fr_FR\" \/>\n<meta property=\"og:type\" content=\"article\" \/>\n<meta property=\"og:title\" content=\"Sp\u00e9cialit\u00e9s - PHARMACIE MOUSSIN\" \/>\n<meta property=\"og:description\" content=\"\u00a0\" \/>\n<meta property=\"og:url\" content=\"https:\/\/serveurdesmouss.synology.me\/wordpress\/index.php\/specialites\/\" \/>\n<meta property=\"og:site_name\" content=\"PHARMACIE MOUSSIN\" \/>\n<meta property=\"article:modified_time\" content=\"2024-11-01T16:39:54+00:00\" \/>\n<meta name=\"twitter:card\" content=\"summary_large_image\" \/>\n<meta name=\"twitter:label1\" content=\"Dur\u00e9e de lecture estim\u00e9e\" \/>\n\t<meta name=\"twitter:data1\" content=\"1 minute\" \/>\n<script type=\"application\/ld+json\" class=\"yoast-schema-graph\">{\"@context\":\"https:\/\/schema.org\",\"@graph\":[{\"@type\":\"WebPage\",\"@id\":\"https:\/\/serveurdesmouss.synology.me\/wordpress\/index.php\/specialites\/\",\"url\":\"https:\/\/serveurdesmouss.synology.me\/wordpress\/index.php\/specialites\/\",\"name\":\"Sp\u00e9cialit\u00e9s - PHARMACIE MOUSSIN\",\"isPartOf\":{\"@id\":\"https:\/\/serveurdesmouss.synology.me\/wordpress\/#website\"},\"datePublished\":\"2024-10-30T16:35:15+00:00\",\"dateModified\":\"2024-11-01T16:39:54+00:00\",\"breadcrumb\":{\"@id\":\"https:\/\/serveurdesmouss.synology.me\/wordpress\/index.php\/specialites\/#breadcrumb\"},\"inLanguage\":\"fr-FR\",\"potentialAction\":[{\"@type\":\"ReadAction\",\"target\":[\"https:\/\/serveurdesmouss.synology.me\/wordpress\/index.php\/specialites\/\"]}]},{\"@type\":\"BreadcrumbList\",\"@id\":\"https:\/\/serveurdesmouss.synology.me\/wordpress\/index.php\/specialites\/#breadcrumb\",\"itemListElement\":[{\"@type\":\"ListItem\",\"position\":1,\"name\":\"Accueil\",\"item\":\"https:\/\/serveurdesmouss.synology.me\/wordpress\/\"},{\"@type\":\"ListItem\",\"position\":2,\"name\":\"Sp\u00e9cialit\u00e9s\"}]},{\"@type\":\"WebSite\",\"@id\":\"https:\/\/serveurdesmouss.synology.me\/wordpress\/#website\",\"url\":\"https:\/\/serveurdesmouss.synology.me\/wordpress\/\",\"name\":\"www.pharmacie-de-savigny-les-beaune.fr\",\"description\":\"\",\"publisher\":{\"@id\":\"https:\/\/serveurdesmouss.synology.me\/wordpress\/#organization\"},\"potentialAction\":[{\"@type\":\"SearchAction\",\"target\":{\"@type\":\"EntryPoint\",\"urlTemplate\":\"https:\/\/serveurdesmouss.synology.me\/wordpress\/?s={search_term_string}\"},\"query-input\":\"required name=search_term_string\"}],\"inLanguage\":\"fr-FR\"},{\"@type\":\"Organization\",\"@id\":\"https:\/\/serveurdesmouss.synology.me\/wordpress\/#organization\",\"name\":\"www.pharmacie-de-savigny-les-beaune.fr\",\"url\":\"https:\/\/serveurdesmouss.synology.me\/wordpress\/\",\"logo\":{\"@type\":\"ImageObject\",\"inLanguage\":\"fr-FR\",\"@id\":\"https:\/\/serveurdesmouss.synology.me\/wordpress\/#\/schema\/logo\/image\/\",\"url\":\"https:\/\/serveurdesmouss.synology.me\/wordpress\/wp-content\/uploads\/2024\/10\/cropped-logo.jpg\",\"contentUrl\":\"https:\/\/serveurdesmouss.synology.me\/wordpress\/wp-content\/uploads\/2024\/10\/cropped-logo.jpg\",\"width\":818,\"height\":142,\"caption\":\"www.pharmacie-de-savigny-les-beaune.fr\"},\"image\":{\"@id\":\"https:\/\/serveurdesmouss.synology.me\/wordpress\/#\/schema\/logo\/image\/\"}}]}<\/script>\n<!-- \/ Yoast SEO plugin. -->","yoast_head_json":{"title":"Sp\u00e9cialit\u00e9s - PHARMACIE MOUSSIN","robots":{"index":"index","follow":"follow","max-snippet":"max-snippet:-1","max-image-preview":"max-image-preview:large","max-video-preview":"max-video-preview:-1"},"canonical":"https:\/\/serveurdesmouss.synology.me\/wordpress\/index.php\/specialites\/","og_locale":"fr_FR","og_type":"article","og_title":"Sp\u00e9cialit\u00e9s - PHARMACIE MOUSSIN","og_description":"\u00a0","og_url":"https:\/\/serveurdesmouss.synology.me\/wordpress\/index.php\/specialites\/","og_site_name":"PHARMACIE MOUSSIN","article_modified_time":"2024-11-01T16:39:54+00:00","twitter_card":"summary_large_image","twitter_misc":{"Dur\u00e9e de lecture estim\u00e9e":"1 minute"},"schema":{"@context":"https:\/\/schema.org","@graph":[{"@type":"WebPage","@id":"https:\/\/serveurdesmouss.synology.me\/wordpress\/index.php\/specialites\/","url":"https:\/\/serveurdesmouss.synology.me\/wordpress\/index.php\/specialites\/","name":"Sp\u00e9cialit\u00e9s - PHARMACIE MOUSSIN","isPartOf":{"@id":"https:\/\/serveurdesmouss.synology.me\/wordpress\/#website"},"datePublished":"2024-10-30T16:35:15+00:00","dateModified":"2024-11-01T16:39:54+00:00","breadcrumb":{"@id":"https:\/\/serveurdesmouss.synology.me\/wordpress\/index.php\/specialites\/#breadcrumb"},"inLanguage":"fr-FR","potentialAction":[{"@type":"ReadAction","target":["https:\/\/serveurdesmouss.synology.me\/wordpress\/index.php\/specialites\/"]}]},{"@type":"BreadcrumbList","@id":"https:\/\/serveurdesmouss.synology.me\/wordpress\/index.php\/specialites\/#breadcrumb","itemListElement":[{"@type":"ListItem","position":1,"name":"Accueil","item":"https:\/\/serveurdesmouss.synology.me\/wordpress\/"},{"@type":"ListItem","position":2,"name":"Sp\u00e9cialit\u00e9s"}]},{"@type":"WebSite","@id":"https:\/\/serveurdesmouss.synology.me\/wordpress\/#website","url":"https:\/\/serveurdesmouss.synology.me\/wordpress\/","name":"www.pharmacie-de-savigny-les-beaune.fr","description":"","publisher":{"@id":"https:\/\/serveurdesmouss.synology.me\/wordpress\/#organization"},"potentialAction":[{"@type":"SearchAction","target":{"@type":"EntryPoint","urlTemplate":"https:\/\/serveurdesmouss.synology.me\/wordpress\/?s={search_term_string}"},"query-input":"required name=search_term_string"}],"inLanguage":"fr-FR"},{"@type":"Organization","@id":"https:\/\/serveurdesmouss.synology.me\/wordpress\/#organization","name":"www.pharmacie-de-savigny-les-beaune.fr","url":"https:\/\/serveurdesmouss.synology.me\/wordpress\/","logo":{"@type":"ImageObject","inLanguage":"fr-FR","@id":"https:\/\/serveurdesmouss.synology.me\/wordpress\/#\/schema\/logo\/image\/","url":"https:\/\/serveurdesmouss.synology.me\/wordpress\/wp-content\/uploads\/2024\/10\/cropped-logo.jpg","contentUrl":"https:\/\/serveurdesmouss.synology.me\/wordpress\/wp-content\/uploads\/2024\/10\/cropped-logo.jpg","width":818,"height":142,"caption":"www.pharmacie-de-savigny-les-beaune.fr"},"image":{"@id":"https:\/\/serveurdesmouss.synology.me\/wordpress\/#\/schema\/logo\/image\/"}}]}},"_links":{"self":[{"href":"https:\/\/serveurdesmouss.synology.me\/wordpress\/index.php\/wp-json\/wp\/v2\/pages\/19"}],"collection":[{"href":"https:\/\/serveurdesmouss.synology.me\/wordpress\/index.php\/wp-json\/wp\/v2\/pages"}],"about":[{"href":"https:\/\/serveurdesmouss.synology.me\/wordpress\/index.php\/wp-json\/wp\/v2\/types\/page"}],"author":[{"embeddable":true,"href":"https:\/\/serveurdesmouss.synology.me\/wordpress\/index.php\/wp-json\/wp\/v2\/users\/1"}],"replies":[{"embeddable":true,"href":"https:\/\/serveurdesmouss.synology.me\/wordpress\/index.php\/wp-json\/wp\/v2\/comments?post=19"}],"version-history":[{"count":5,"href":"https:\/\/serveurdesmouss.synology.me\/wordpress\/index.php\/wp-json\/wp\/v2\/pages\/19\/revisions"}],"predecessor-version":[{"id":117,"href":"https:\/\/serveurdesmouss.synology.me\/wordpress\/index.php\/wp-json\/wp\/v2\/pages\/19\/revisions\/117"}],"wp:attachment":[{"href":"https:\/\/serveurdesmouss.synology.me\/wordpress\/index.php\/wp-json\/wp\/v2\/media?parent=19"}],"curies":[{"name":"wp","href":"https:\/\/api.w.org\/{rel}","templated":true}]}}